nder when 124/6 + 1/c is divided by 11?
10
Let n(o) = 15 - 21 + 7 + 23*o. Suppose 4*v + 2*g = 4, 1 = 2*v + 3*g - 1. Calculate the remainder when 46 is divided by n(v).
22
Suppose s = f + 125, -6*f + 5*f = 3*s - 383. Calculate the remainder when s is divided by 3.
1
Suppose 24*n - 29*n = -125. Let q = -25 + n. Suppose -2*g + 154 = 5*x, 0 = 2*g - 4 - q. What is the remainder when 87 is divided by x?
27
Suppose -5*l + 4 = -6, 124 = s - l. Let m(k) = -2 - s*k + 125*k + 22. Calculate the remainder when 46 is divided by m(8).
10
Suppose 7*r = -0*r + 77. Calculate the remainder when 21 is divided by r.
10
Let j be 22/5 + (-3)/(-5). Suppose 2*v = j*v - 75. What is the remainder when (1*7)/((-7)/(-49)) is divided by v?
24
Suppose 2*j = 5*l + 24, 2*j + 0*j + 2*l = 38. What is the remainder when 212 is divided by j?
8
Let r(x) = -x**2 - x + 6. Let k be r(2). What is the remainder when 90 is divided by (k + 1)/(8/184)?
21
Suppose 950 - 385 = -5*v. Let c = -106 - v. Calculate the remainder when (-206)/(-8) + (-2)/(-8) is divided by c.
5
Calculate the remainder when (-132)/(-15)*25/2 is divided by (-392)/(-256)*16 - 1/((-2)/(-3)).
18
Let m(p) = -16*p - 158. What is the remainder when m(-20) is divided by 47?
21
Let v(c) = 3*c**3 - 4*c**2 + 3*c. Let i be v(2). Let p be ((-39)/26)/(1/i). What is the remainder when 30 is divided by (-182)/p - 2/3?
6
Let u(s) be the second derivative of -s**4/12 - 11*s**3/6 - 11*s**2/2 - 4*s. Let i(b) = -7*b - 19. What is the remainder when i(-8) is divided by u(-8)?
11
Suppose -8*d - 279 = -343. Let g = -2 - -4. Calculate the remainder when d is divided by g.
0
Suppose 10*h + 4*m + 202 = 13*h, -4*m = 5*h - 326. What is the remainder when 187 is divided by h?
55
Let c(x) = -3*x**2 - 9*x - 2. Let y(m) = 3*m**2 + 9*m + 2. Let j(a) = 2*c(a) + 3*y(a). Calculate the remainder when 20 is divided by j(-4).
6
What is the remainder when (-2)/(-6) - (30516/(-36) + 9) is divided by 42?
41
Let p = 11 - 3. Let y = -198 - -212. What is the remainder when y is divided by p?
6
Let q(z) be the second derivative of z**5/20 - 5*z**4/12 + z**3/6 + z**2 + 9*z. Let r = -8 + 13. What is the remainder when q(r) is divided by 4?
3
Let g(x) = -x**3 + 3*x**2 + 3*x. Let v(b) = -2*b**3 - 4*b**2 - 5*b - 4. Let o be v(-2). Suppose -z - 2*z = o. What is the remainder when 26 is divided by g(z)?
12
Calculate the remainder when 174 is divided by (33/55 - 77/(-5))/1.
14
Let u(d) = 2*d**2 + 3*d + 3. Let y be (11/(-3))/(6/(-18)). Let z = 1 + y. What is the remainder when z is divided by u(-2)?
2
Calculate the remainder when (200/(-16))/((-1)/20*2) is divided by 4.
1
Suppose -5*w - 14 = 4*o - 4, 0 = 3*w - 4*o - 26. Calculate the remainder when (w/(-3))/(14/(-2058)) is divided by 50.
48
Suppose 3 = q + 1, 3*q + 98 = 4*h. Calculate the remainder when h is divided by 7.
5
Let y = 0 - -4. Suppose 0 = -5*i + 34 - y. Calculate the remainder when 19 is divided by 8/24 - (-28)/i.
4
Let c(x) = -6*x + 4*x**2 + 3 + 3 - 5*x**2. What is the remainder when c(-5) is divided by 3*7*(-2)/(-6)?
4
Suppose 3*c + 780 - 813 = 0. What is the remainder when c is divided by 3?
2
Suppose -w - 98 = 20*o - 22*o, 4*w - 172 = -4*o. Calculate the remainder when 83 is divided by o.
36
Let d = -91 + 89. What is the remainder when 10 is divided by 6/(4/d) - -6?
1
Suppose 219*w = 226*w - 448. What is the remainder when w is divided by 44?
20
Suppose 0 = -0*r + 2*r - s - 8, 2*r - 3*s = 4. Calculate the remainder when 48 is divided by r.
3
Suppose 4*d = -5*d + 675. Calculate the remainder when 68 is divided by (1/5)/(10/d)*16.
20
Let n = 286 - 135. Calculate the remainder when n is divided by 14.
11
Suppose -8*t + q = -6*t - 70, 2*q - 30 = -t. What is the remainder when 541 is divided by t?
31
Let i be (0 - 76)*-1*1/4. Calculate the remainder when i - (1 - 2 - 0) is divided by 11.
9
Let f(h) = h**2 - 30*h + 249. Suppose -2*i + o = -o - 28, 0 = -5*o. Calculate the remainder when f(14) is divided by i.
11
Let r = 834 + -816. What is the remainder when 65 is divided by r?
11
Let s(r) = r - 3. Let l be s(9). What is the remainder when 72 is divided by -1 + l*32/12?
12
Suppose -1 = -h, -d + 120*h = 118*h - 39. Calculate the remainder when 84 is divided by d.
2
Suppose -1 = v - 0. Let n be 0/3*v/(-3). Suppose n = -g + 6 + 11. What is the remainder when 65 is divided by g?
14
Calculate the remainder when 27 is divided by 2*231/56*8/6.
5
What is the remainder when 6*(-1 - -47) - 7 is divided by 93?
83
Let z(j) = -j**3 + 10*j**2 + 5*j + 9. Suppose 2*b + 10 = 3*b. Let m be z(b). What is the remainder when (m/4)/(5/20) is divided by 20?
19
What is the remainder when 139 is divided by ((-4)/(-3))/((-237)/81 - -3)?
13
Suppose 0 = -2*o + 68 - 16. Let v = o - 7. What is the remainder when 37 is divided by v?
18
Suppose 5*x - 140 = 2*d, -x + 0*d + d = -25. Suppose -m - 40 = -5*q, -2*m = -q - 5*m + 8. What is the remainder when x is divided by q?
6
Suppose 13 - 3 = -q. Let s be q - (-1 - (-1 + 2)). Let l = s - -27. What is the remainder when 73 is divided by l?
16
Let d be 75/10*4/(-6). Let v be (5 + -3 + -3)*d. Suppose 5 + 55 = v*x. What is the remainder when 81 is divided by x?
9
Suppose 2*h + 11*j - 13 = 14*j, -8 = -2*h - 2*j. Suppose -h*l = 0, -5*x + 2*l - 5*l + 110 = 0. Calculate the remainder when 109 is divided by x.
21
Suppose -4 = 4*l - 8. What is the remainder when l*((-3)/1 + 32) is divided by 11?
7
Suppose 276 = 23*n - 299. Calculate the remainder when 148 is divided by n.
23
Let y(m) = -6*m + 235. Calculate the remainder when y(4) is divided by 27.
22
What is the remainder when (-30)/(-70) + (5928/(-21))/(-4) is divided by 20?
11
Let z(a) = 4*a - 116. Suppose -5*v = j - 710, 0 = -2*v - 5*j + 74 + 210. What is the remainder when v is divided by z(33)?
14
Let z = -80 + 108. Suppose 2*w + 4*y - z = 0, -3*w + 11 = -2*w + 3*y. Calculate the remainder when 77 is divided by w.
17
Suppose -2*p - 176 - 28 = 0. Let o = p - -192. Calculate the remainder when o is divided by 31.
28
Calculate the remainder when 104 is divided by 8 - (5 + -5) - 1.
6
Let t = 276 - 194. Calculate the remainder when t is divided by 12.
10
Let q(j) = j**3 + 7*j**2 + 2*j - 2. Let f be -2*3/(-6)*-3. What is the remainder when q(f) is divided by 4?
0
Suppose 4*i + 130 = 6*i + 2*h, 4*i = 2*h + 290. What is the remainder when 80 is divided by i?
10
Let h(z) = 2*z**2 + 67*z + 90. What is the remainder when h(-34) is divided by 8?
4
Let u be ((-20)/(-15))/((-2)/6). What is the remainder when 65 is divided by -17*((-12)/(-4) + u)?
14
Let q(k) = k**2 - 3*k + 4. Let v be q(2). Suppose -v*d = -11 - 27. What is the remainder when d is divided by (3/(-3))/((-1)/11)?
8
Let c = -70 + 100. Let s(z) = -z**3 + 6*z**2 - 4*z + 10. Let i be s(4). Let t = i + -10. What is the remainder when c is divided by t?
14
Suppose -2*x = 5*n - 14, x = -4*x + 2*n + 93. Let m be 1/(2 - -2 - 3). Let h = m + x. Calculate the remainder when h is divided by 10.
8
Let t(x) be the first derivative of 11*x**2/2 + x + 4. Let o be t(-1). Let w(y) = y**2 + 10*y + 8. Calculate the remainder when 21 is divided by w(o).
5
Suppose 0 = -4*l + 3*g + 22 - 8, 4*l - 4*g = 16. What is the remainder when 66 is divided by l?
0
Let i(q) = -q**3 + 2*q**2 + 2*q - 4. Let f be i(-2). Suppose 0 = -f*v + 87 + 345. Calculate the remainder when v is divided by 12.
6
Let d(v) = v**3 + v - 1. Let t(r) = 5*r - 362 + 362. Calculate the remainder when d(2) is divided by t(1).
4
Suppose q = -3*w + 3*q + 11, 0 = -2*w + 3*q + 14. Let x(l) = -l**3 + 7*l**2 + 8*l + 1. What is the remainder when x(8) is divided by w?
0
Let i(x) = 6*x**3 - 18*x + 36. Calculate the remainder when 233 is divided by i(2).
41
What is the remainder when 359 is divided by (-60)/9*36/(6 + -10)?
59
Let x(v) = -2*v + 9. Let h be x(4). Let k(n) = -4 - h + 13 + n**2 + 10*n. Calculate the remainder when k(-14) is divided by 22.
20
Let k = 735 + -707. What is the remainder when 415 is divided by k?
23
Suppose 15*r = 37*r - 8492. Calculate the remainder when r is divided by 80.
66
Suppose 4*t = 11 + 5. Suppose z - 26 = 4*f - z, -5*f + 3*z = 31. What is the remainder when (-5)/40*f - (1 - 4) is divided by t?
0
Suppose 52 = -3*v + h + 138, -h = 2*v - 64. Suppose -10*f - v = -12*f. Calculate the remainder when 44 is divided by f.
14
Calculate t